12 + 150 = 0. Is g prime?
True
Suppose 177 = 14*q - 11*q. Is q a prime number?
True
Suppose -j + 159 - 45 = 0. Suppose 5*u = 5*l + 385, -3*u = 2*l + j - 345. Suppose -s + 4*g + 58 = s, -u = -3*s + 4*g. Is s prime?
True
Let r be 1/((-3)/162*-3). Suppose 0 = -2*z + 2 - r. Let d(g) = -8*g - 9. Is d(z) a composite number?
True
Suppose 56 = -4*b - 0*n + 4*n, b + n = -14. Let z = b - -33. Suppose -2*p = -3*p + z. Is p composite?
False
Let x(i) = -i**3 - 7*i**2 - 8*i + 2. Suppose z + 3*z = -24. Is x(z) a composite number?
True
Let p(t) be the third derivative of t**5/20 - t**4/6 + 2*t**3/3 + 2*t**2. Is p(3) composite?
False
Let f be (-4244)/12 + 2/(-6). Is (f/15)/((-4)/10) composite?
False
Let o(n) = n**2. Let b be o(-2). Suppose -b*r = r - 125. Is r prime?
False
Suppose -5 = -4*p + 3. Suppose -p*z + 0*z + 2*m = -16, 19 = 3*z - 2*m. Suppose -z*k = k - 2*r - 30, 4*k = -5*r + 65. Is k a prime number?
False
Suppose p - t + 3 = 2*p, 4*t = 2*p + 6. Let f be p + (-2)/2 - -6. Suppose 5*y - 109 = -4*j, -f*j + y = -3*j - 96. Is j a composite number?
False
Let n(b) = 18*b**2 + b + 1. Let y be n(-2). Suppose y = -3*l - r + 16, -2*l - 34 = -2*r. Let p = l - -28. Is p prime?
False
Suppose -2*r - a + 13 = 127, -5*r - 2*a = 283. Let s = r - -92. Is s a prime number?
True
Let t be 1/((-2)/(-4)) - -145. Suppose 2*a + t = 5*a. Is a a composite number?
True
Suppose -5*a + 0*l - l = -4315, -3*l + 3452 = 4*a. Is a a composite number?
False
Suppose -36*i + 38*i - 1978 = 0. Is i a composite number?
True
Suppose -2*z = 4*o - 260, -2*z + 372 = 2*o + 106. Suppose z = 4*q - 3*q. Let j = 203 - q. Is j a prime number?
True
Is (-24)/72*(-3)/(-2)*-4502 a prime number?
True
Let z be (6/(-8))/(1/(-144)). Suppose 56 = 2*j + 2*q, -3*j = -4*q + q - z. Suppose 3*u + 11 = -3*v + j, -2*v = -u - 2. Is v a composite number?
False
Let l be 8/6*(1 - -56). Let x = 85 + -139. Let m = l + x. Is m a prime number?
False
Suppose -2*y + 6*s + 1040 = 5*s, -1553 = -3*y - 2*s. Is y prime?
False
Suppose 0 = -10*w + 3*w + 5747. Is w a prime number?
True
Is (-4)/(-3)*10053/12 composite?
False
Let x(h) = 32*h - 11. Is x(11) a composite number?
True
Suppose -3*x = -i - 23, 2*x - 3*i - 10 - 17 = 0. Suppose -h + 2*m - 1 = -5, 0 = -3*h - m + 12. Let w = h + x. Is w a composite number?
True
Let n(d) = 2*d + 307. Is n(0) a composite number?
False
Let t = -786 - -2065. Is t a composite number?
False
Suppose -5*n - 1 = -4*n. Is (-5)/(n + 0) - -2 a prime number?
True
Let x(o) = -2*o**2 - 7*o - 8. Let r be x(-7). Let q be (2/(-2))/((-3)/r). Let u = 29 + q. Is u a prime number?
False
Let y(z) = z - 2. Let f be y(-5). Let q(w) = -w - 10. Let n be q(f). Let o(s) = 7*s**2 - s + 3. Is o(n) prime?
False
Let p(t) = t**3 + 10*t**2 + 3*t + 5. Is p(-7) a prime number?
True
Suppose -5*u + 2*u + 4*o - 4 = 0, 0 = u + 4*o - 20. Suppose 0 = u*r - 5*r + 2. Suppose 2*b = r*d + 138, -b - d + 31 + 38 = 0. Is b a composite number?
True
Suppose 5*m = 6 + 4. Suppose 5*s + 5*g - 2*g - 1480 = 0, -5*s + 1455 = -m*g. Is s composite?
False
Let q(z) = 450*z**3 + 3*z**2 - 4*z. Is q(1) prime?
True
Suppose 3*v + 5*x + 3 = 0, 7*x = -5*v + 2*x + 5. Let p(o) be the third derivative of o**4/4 - 5*o**3/6 + 6*o**2. Is p(v) a composite number?
False
Suppose 1717 = 6*h - 3005. Is h a composite number?
False
Suppose -3*w + 5*j = -58, 62 = -w + 4*w - 4*j. Let b = -82 + w. Let d = b - -123. Is d composite?
False
Let v = 17 + -11. Let h(f) = 2*f - 14*f - 13*f - v. Is h(-4) prime?
False
Let p(x) = -3*x**2 - x - 3. Let c(n) be the first derivative of -n**3/3 + n**2/2 + n - 2. Let u(m) = -2*c(m) - p(m). Is u(2) composite?
False
Suppose -4*h + 3 = -h. Let d(v) = 1 - 45*v**2 - 2*v + 0 + 189*v**2. Is d(h) composite?
True
Let a(x) = -3 + 5*x - 1 - 1. Is a(6) a composite number?
True
Suppose -z = 4*z - 30. Let y = -8 + z. Is ((-35)/(-10))/(y/(-28)) a prime number?
False
Suppose 0 = 3*x - 17 - 28. Let s = x - 21. Let a = 15 - s. Is a a composite number?
True
Suppose -2*p + 1416 = 2*p. Suppose 121 = 5*z - p. Is z composite?
True
Is (-3644)/(-10) - (-3)/5 prime?
False
Let x = 346 + -29. Is x a composite number?
False
Let u be (313 - -8)/(1/(-2)). Is (-12)/8 - u/4 prime?
False
Let x = 267 - 125. Is x prime?
False
Suppose 0 = 6*t - t - 850. Suppose -4*d = -z + 15, 0*z + 5*z - t = d. Is z a prime number?
False
Let s be -13*(-1 + -1 - -1). Let t = 4 - 6. Let v = s - t. Is v a prime number?
False
Suppose 0 = 4*p + a - 12, 4*p + 6*a = 4*a + 8. Is 2/(24/33)*p a composite number?
False
Let b(j) = -j**3 - 9*j**2 - 9*j + 11. Suppose -5*m = 10 + 30. Is b(m) a prime number?
True
Suppose 4*u + 97 = -5*p, 2*p = u - 1 + 22. Let m = u + 134. Is m a composite number?
True
Suppose 12*w - 12 = 11*w. Let q = 94 - w. Is q a prime number?
False
Let u(t) = -2 + 4*t + 2*t - 3 + 1. Is u(3) a prime number?
False
Suppose 0 = -2*u - 5*o + 85, -5*o = -3*u - 4*o + 170. Is u composite?
True
Suppose 0 = -5*a + 2*h - 800, 3*a + 3*h + 320 = a. Let x(o) = -5*o + 249. Let q be x(0). Let p = a + q. Is p a prime number?
True
Suppose -6*k + k - 4*z = 851, 4*k + 4*z = -680. Let o = k + 320. Is o a composite number?
False
Suppose -o + 4*o = 0. Suppose 3*y - 2*m - 733 = 736, o = -4*y + 2*m + 1960. Is y a prime number?
True
Let h be -3*((-42)/9 + 3). Let l(n) = n**3 + n**2 - 4*n + 3. Is l(h) a prime number?
False
Let f = 1131 + -629. Is f a composite number?
True
Let p(r) = 216*r**2 - 2*r + 3. Is p(2) composite?
False
Is ((-5)/(-15))/(3/1035) prime?
False
Suppose -4*z - g + 121 = 0, -2*z + 28 = -5*g - 49. Is z a composite number?
False
Let v(c) = 4*c**3 + 11*c**2 + 18*c - 6. Let l(o) = -5*o**3 - 12*o**2 - 19*o + 5. Let a(d) = -5*l(d) - 6*v(d). Is a(8) prime?
False
Let w = -2 + 5. Let f be 6/18 + (-10)/w. Is f/6 - (-510)/4 a prime number?
True
Is 6/21 - 178/(-14) a prime number?
True
Suppose -5*u = -0*u - 155. Let i = 108 - u. Is i a prime number?
False
Suppose 2*c = 4*n - 14, -2*n + 6*n + 3*c = 9. Suppose 1 - 4 = n*y. Is y/(1 + 240/(-237)) prime?
True
Let a = 196 + -73. Is a a prime number?
False
Let a(u) = 4*u. Let k be a(-1). Let g be 1/(-2) + (-22)/k. Is (g/3 + -2)*-69 composite?
False
Let j = -429 - -671. Let p = -145 + j. Is p prime?
True
Let z(w) = -w**3 - w**2 + 2*w + 2. Let g be z(-2). Suppose -n + g*h + 120 = 2*n, 3*n = 3*h + 123. Is n prime?
False
Let n(d) = -321*d + 17. Is n(-2) prime?
True
Suppose o - 64 - 30 = 0. Let h = -37 + o. Is h a composite number?
True
Suppose -4*x + 703 + 2273 = 0. Suppose 5*v - 5*o - 905 = 0, 4*o = -4*v + 3*o + x. Is v composite?
True
Suppose 2*c = 3*q - 434, -459 = -q - 2*q - 3*c. Let u = q + 10. Is (u/2)/((-4)/(-4)) a prime number?
True
Let k = -3 - -7. Suppose 4*a - 465 = -5*f, 2*f + 3*a - 173 = k*a. Is f composite?
False
Let r = -3199 - -2235. Let g = -669 - r. Is g a prime number?
False
Let o = 0 + -2. Let d = 8 + o. Is ((-3)/d)/(2/(-308)) a composite number?
True
Suppose 0 = 2*g - 0*g - 5*v - 11482, -3*g + v = -17197. Is g a prime number?
False
Suppose -14*o + 80 = -9*o. Let m(y) = 5*y**2 - 9*y + 3. Is m(o) composite?
True
Let z = 194 + 753. Is z prime?
True
Suppose 25932 = -i + 13*i. Is i a prime number?
True
Suppose -7*y = -2*y + 20. Is (-1)/(-4) + (-183)/y composite?
True
Let y(p) = 2*p - 1. Let b(k) = 3*k - 2. Let f(d) = 4*b(d) - 3*y(d). Is f(6) a composite number?
False
Suppose m + 15 = 4*m. Suppose -m*w + 3*a = 6, -3*a + 8*a + 9 = 2*w. Is (-2)/w - 1900/(-12) a prime number?
False
Let t = -5 + 8. Suppose 85 = t*h - 32. Suppose 4 = -a + h. Is a composite?
True
Let l = -30 + 45. Suppose -3*k + 9 = -l. Is (110/k)/(4/16) a composite number?
True
Let q be -14*(2 + 20/(-8)). Suppose 2*t + 1465 = q*t. Is t a composite number?
False
Is (661 - -7)*(-14)/(-8) prime?
False
Let t = 33 - -5. Is t*(2 - (-1 + 2)) prime?
False
Suppose 2 + 14 = 4*a. Suppose 5*j = 3*j + a. Suppose j*o - 170 = -3*k, -375 = -6*o + o + 5*k. Is o composite?
False
Let l(o) = -39*o. Let f be l(-3). Let g = f - 50. Is g a prime number?
True
Let v be (-40)/(-24) + 2/(-3). Is 0 + 31 - (1 - v) a composite number?
False
Let l(v) = v**3 + 12*v**2 + 4*v - 6. Is l(-5) a prime number?
True
Let n(h) = -44*h**3 - 6*h**2 + 6*h + 11. Is n(-5) prime?
False
Suppose 0 = 2*z - o - 6, o + 6 = 5*z - 3. Suppose 2*t + 66 + 0 = 0. Is t/(-4 + z)*1 a composite number?
False
Let b(q) = 6*q + 2*q - 7*q**2 + 15*q**2. Let f 